{"id":357,"date":"2025-03-06T17:05:51","date_gmt":"2025-03-06T17:05:51","guid":{"rendered":"https:\/\/suequimed.com.mx\/2025\/?post_type=product&#038;p=357"},"modified":"2025-03-06T17:41:22","modified_gmt":"2025-03-06T17:41:22","slug":"cateter-doble-j-de-silicon-negro-12-meses","status":"publish","type":"product","link":"https:\/\/suequimed.com.mx\/2025\/producto\/cateter-doble-j-de-silicon-negro-12-meses\/","title":{"rendered":"Cat\u00e9ter Doble J de Silic\u00f3n Negro &#8211; 12 meses"},"content":{"rendered":"<p>Utilizado principalmente para un drenaje interno del ri\u00f1\u00f3n a vejiga. Este set incluye el cat\u00e9ter, una gu\u00eda y su posicionador.<\/p>\n","protected":false},"excerpt":{"rendered":"<p>Utilizado principalmente para un drenaje interno del ri\u00f1\u00f3n a vejiga. Este set incluye el cat\u00e9ter, una gu\u00eda y su posicionador.<\/p>\n","protected":false},"featured_media":360,"comment_status":"open","ping_status":"closed","template":"","meta":{"_acf_changed":false,"nf_dc_page":"","om_disable_all_campaigns":false,"_joinchat":[]},"product_brand":[58],"product_cat":[35,25],"product_tag":[61],"class_list":{"0":"post-357","1":"product","2":"type-product","3":"status-publish","4":"has-post-thumbnail","6":"product_brand-cook-medical","7":"product_cat-cateteres-doble-j","8":"product_cat-consumibles-urologia","9":"product_tag-venta","11":"first","12":"instock","13":"shipping-taxable","14":"product-type-simple"},"acf":[],"_links":{"self":[{"href":"https:\/\/suequimed.com.mx\/2025\/wp-json\/wp\/v2\/product\/357","targetHints":{"allow":["GET"]}}],"collection":[{"href":"https:\/\/suequimed.com.mx\/2025\/wp-json\/wp\/v2\/product"}],"about":[{"href":"https:\/\/suequimed.com.mx\/2025\/wp-json\/wp\/v2\/types\/product"}],"replies":[{"embeddable":true,"href":"https:\/\/suequimed.com.mx\/2025\/wp-json\/wp\/v2\/comments?post=357"}],"version-history":[{"count":0,"href":"https:\/\/suequimed.com.mx\/2025\/wp-json\/wp\/v2\/product\/357\/revisions"}],"wp:featuredmedia":[{"embeddable":true,"href":"https:\/\/suequimed.com.mx\/2025\/wp-json\/wp\/v2\/media\/360"}],"wp:attachment":[{"href":"https:\/\/suequimed.com.mx\/2025\/wp-json\/wp\/v2\/media?parent=357"}],"wp:term":[{"taxonomy":"product_brand","embeddable":true,"href":"https:\/\/suequimed.com.mx\/2025\/wp-json\/wp\/v2\/product_brand?post=357"},{"taxonomy":"product_cat","embeddable":true,"href":"https:\/\/suequimed.com.mx\/2025\/wp-json\/wp\/v2\/product_cat?post=357"},{"taxonomy":"product_tag","embeddable":true,"href":"https:\/\/suequimed.com.mx\/2025\/wp-json\/wp\/v2\/product_tag?post=357"}],"curies":[{"name":"wp","href":"https:\/\/api.w.org\/{rel}","templated":true}]}}